22821 a prime number?
False
Is 37844621 composite?
False
Is 124435811 a composite number?
False
Is 16646537 composite?
False
Is 60697889 a composite number?
True
Is 24261781 composite?
True
Is 14518351 a composite number?
False
Is 16041995 a composite number?
True
Is 992965 composite?
True
Is 56112307 a composite number?
False
Is 63809099 composite?
False
Is 2872321 a composite number?
True
Is 1675969 composite?
True
Is 6879797 a composite number?
False
Is 4960859 prime?
True
Is 229657 a prime number?
False
Is 272478095 a composite number?
True
Is 1489021 composite?
False
Is 130380511 prime?
True
Is 12290738 composite?
True
Is 14155021 composite?
False
Is 27979082 a composite number?
True
Is 17231671 a composite number?
False
Is 6977797 prime?
True
Is 8251071 composite?
True
Is 19892689 a prime number?
False
Is 27878467 a prime number?
True
Is 71782147 a prime number?
True
Is 249214447 prime?
False
Is 11591453 a composite number?
False
Is 4390129 a composite number?
True
Is 19921453 a composite number?
False
Is 22984601 a composite number?
True
Is 2273729 a prime number?
True
Is 1091927 a prime number?
False
Is 14841131 a composite number?
False
Is 6627967 prime?
False
Is 12066895 composite?
True
Is 37429345 prime?
False
Is 26653 composite?
True
Is 14111521 a prime number?
False
Is 227312363 prime?
True
Is 121113893 a composite number?
True
Is 2732713 composite?
True
Is 74088829 a prime number?
True
Is 215531819 a prime number?
True
Is 6425245 prime?
False
Is 72589133 a prime number?
False
Is 1159909 composite?
False
Is 1529309 a composite number?
False
Is 2463049 composite?
False
Is 3849653 a prime number?
True
Is 140973601 a prime number?
False
Is 57163 composite?
False
Is 99694745 a composite number?
True
Is 91952797 prime?
True
Is 66850139 composite?
False
Is 2021711 a composite number?
False
Is 273361973 a prime number?
False
Is 6617729 prime?
False
Is 125213281 prime?
False
Is 2088851 a prime number?
False
Is 221909 a composite number?
False
Is 9458281 prime?
False
Is 1815899 composite?
False
Is 19551757 a composite number?
False
Is 14328779 a composite number?
True
Is 63103 composite?
False
Is 241006003 a prime number?
False
Is 18838777 a prime number?
False
Is 3506021 composite?
True
Is 139211 prime?
False
Is 6315278 composite?
True
Is 41516399 composite?
False
Is 26417267 prime?
False
Is 304974631 composite?
True
Is 330962549 a prime number?
True
Is 12173839 prime?
False
Is 187673 a composite number?
True
Is 43377647 a prime number?
False
Is 2519711 a composite number?
True
Is 174639821 a composite number?
False
Is 4595737 prime?
True
Is 1606729 prime?
False
Is 22915927 prime?
True
Is 343815933 a prime number?
False
Is 15214151 a composite number?
False
Is 993182083 composite?
True
Is 71610959 a composite number?
True
Is 4044841 prime?
True
Is 31315839 prime?
False
Is 799237 a prime number?
False
Is 1912433 prime?
False
Is 1973 prime?
True
Is 406001 a prime number?
False
Is 304400987 composite?
True
Is 9473011 prime?
False
Is 618173 a composite number?
False
Is 69567623 composite?
False
Is 30891981 a prime number?
False
Is 8808967 prime?
True
Is 136848967 prime?
False
Is 155250622 prime?
False
Is 290527819 a prime number?
True
Is 3683062 prime?
False
Is 4178459 a prime number?
False
Is 156517 composite?
True
Is 4505989 a composite number?
True
Is 16298021 prime?
False
Is 132846743 a prime number?
False
Is 8811331 a composite number?
True
Is 19962659 composite?
False
Is 23515 a composite number?
True
Is 61152437 a prime number?
True
Is 39183229 a prime number?
False
Is 114955102 prime?
False
Is 179243 a prime number?
True
Is 7429687 prime?
True
Is 27977789 a prime number?
False
Is 9759091 a composite number?
False
Is 418391 prime?
True
Is 2856509 a prime number?
True
Is 534403 a prime number?
True
Is 2306413 a prime number?
True
Is 156641359 a composite number?
True
Is 1895623 a composite number?
False
Is 52799723 prime?
True
Is 527390263 composite?
False
Is 4688689 prime?
False
Is 420554 composite?
True
Is 955633 prime?
False
Is 221121293 a prime number?
True
Is 8220337 a prime number?
True
Is 4305523 a composite number?
False
Is 49392041 prime?
False
Is 1600721 prime?
True
Is 6243929 a prime number?
True
Is 8801 prime?
False
Is 1269589 composite?
False
Is 13123115 a prime number?
False
Is 73723571 a composite number?
False
Is 1157099 prime?
True
Is 47039789 prime?
True
Is 13732871 a prime number?
True
Is 849281 composite?
True
Is 17300893 prime?
False
Is 135651671 prime?
True
Is 203617763 composite?
False
Is 700261 composite?
True
Is 24899 composite?
True
Is 1402687961 a prime number?
True
Is 30433063 a composite number?
False
Is 58521371 composite?
False
Is 2660767 prime?
True
Is 2312689 a composite number?
False
Is 6565783 composite?
True
Is 2477249 prime?
True
Is 11555461 prime?
False
Is 81151897 prime?
False
Is 1557239 prime?
True
Is 23384897 prime?
False
Is 164301623 a prime number?
False
Is 1938533 prime?
True
Is 635832923 a composite number?
True
Is 16871 a composite number?
False
Is 680851783 a prime number?
False
Is 1410001 prime?
False
Is 27022586 prime?
False
Is 433220897 a prime number?
True
Is 8581843 a prime number?
True
Is 6978527 composite?
True
Is 16672822 a prime number?
False
Is 1080199 a composite number?
False
Is 23725409 a composite number?
False
Is 105753155 a composite number?
True
Is 3769873 composite?
False
Is 38966677 a composite number?
False
Is 1024913 composite?
True
Is 51830743 a composite number?
True
Is 26311763 composite?
True
Is 2745797 composite?
False
Is 61778435 a composite number?
True
Is 96239459 a composite number?
True
Is 1717253 composite?
True
Is 83601979 a prime number?
True
Is 29003977 a composite number?
True
Is 5826533 a composite number?
False
Is 328548973 a composite number?
False
Is 31881 a composite number?
True
Is 23939 a prime number?
False
Is 104579063 composite?
False
Is 306854601 composite?
True
Is 6647623 a composite number?
False
Is 126189881 a prime number?
False
Is 24023177 composite?
False
Is 28141661 composite?
False
Is 1119649 prime?
True
Is 5308351 a prime number?
True
Is 69656383 a composite number?
True
Is 77861837 prime?
True
Is 37498729 prime?
True
Is 4357853 composite?
False
Is 923888591 a composite number?
False
Is 18451133 a composite number?
False
Is 79896721 a composite number?
True
Is 10955117 composite?
False
Is 55952353 a prime number?
False
Is 7547797 prime?
False
Is 4060967 a composite number?
False
Is 8590199 prime?
True
Is 30914431 a composite number?
False
Is 72146299 composite?
True
Is 25845691 a composite number?
False
Is 82403939 composite?
False
Is 4220789 prime?
True
Is 303181661 prime?
True
Is 12967043 a prime number?
False
Is 1810129 a prime number?
True
Is 64112917 composite?
True
Is 3048541 composite?
True
Is 262588061 a composite number?
False
Is 23604221 a composite number?
False
Is 203327 a prime number?
False
Is 20046397 a prime number?
False
Is 152263757 a prime number?
False
Is 77319029 a prime number?
False
Is 26485538 a prime number?
False
Is 438143 prime?
True
Is 21573023 a prime number?
True
Is 11850667 prime?
True
Is 8628959 a composite number?
True
Is 18044161 a prime number?
True
Is 564492827 prime?
True
Is 1979 composite?
False
Is 5356621 composite?
False
Is 25132439 a prime number?
True
Is 112855619 composite?
False
Is 836392705 prime?
False
Is 1587067 prime?
True
Is 291232127 a composite number?
False
Is 42820265 a prime number?
False
Is 10433347 prime?
True
Is 544993957 a prime number?
False
Is 5334461 a composite number?
True
Is 1196381 prime?
False
Is 18887709 a prime number?
False
Is 29642681 prime?
True
Is 9038674 a composite number?
True
Is 73935503 prime?
True
Is 62752615 prime?
False
Is 24800053 a prime number?
False
Is 316094699 prime?
True
Is 23046181 composite?
False
Is 10929221 a composite number?
False
Is 62487259 composite?
True
Is 55294207 prime?
True
Is 2154829 prime?
True
Is 73645933 a composite number?
True
Is 4839331 prime?
False
Is 70785217 a prime number?
True
Is 11651977 a prime number?
True
Is 181666117 composite?
False
Is 3780911 a prime number?
False
Is 48337915 a composite number?
True
Is 4424171 a prime number?
True
Is 29130947 a composite number?
False
Is 8040373 a prime number?
False
Is 26738927